prime factors of t(-2).
3, 509
Let f(n) = 3*n**2 + 72*n + 26. What are the prime factors of f(-33)?
7, 131
Suppose -3*y = 2*l + 735, -5*l - y = 2*y + 1833. Let a = -205 - l. What are the prime factors of a?
7, 23
Suppose 35 = -3*c - 2*c. Let m = 7 + c. Suppose -q - 2*v = m, -33 = -4*q + 3*v - 0*v. What are the prime factors of q?
2, 3
Let v(o) = -o**3 - 7*o**2 - 4*o - 16. Let z be v(-7). List the prime factors of (-1)/(-3) + 176/z.
3, 5
Let s(z) = -423*z + 12. List the prime factors of s(-1).
3, 5, 29
Let g be 8 + -1 + (1 - 2). Let l be 38/g*(27 + -12). Suppose -5*k = u - 61 - 50, 5*k = -5*u + l. List the prime factors of k.
23
Suppose 3*g - 2*l - 439 = 0, -3*l - 410 - 322 = -5*g. Let d = g + -2. List the prime factors of d.
5, 29
Suppose 5*x = -4*r + 70, 5*x - 3*r - 70 = 2*r. Suppose -4*o + 0*o + 46 = 5*m, 5*m - 4*o = x. Suppose -7 = -b + m. List the prime factors of b.
13
Let x = -943 + 2316. What are the prime factors of x?
1373
Suppose 0 = -14*q + 3*q + 154. Suppose 1860 = -4*k + q*k. What are the prime factors of k?
2, 3, 31
Let s = -60 + 2099. List the prime factors of s.
2039
Suppose -6*s - 40 = -2*s. Let x be 54/(-13) + s/(-65). What are the prime factors of 26 + (0/(-3))/x?
2, 13
Let t(b) = -b + 9. Let k(d) = 2*d**2 + d - 2. Let o be k(2). Let g be t(o). Let y(l) = 38*l**2 + 2*l - 2. List the prime factors of y(g).
2, 19
Suppose 5*s + 4*u - 5506 = 8*u, 2*s + 2*u - 2206 = 0. List the prime factors of s.
2, 19, 29
Suppose 0 = -q + 48 + 68. List the prime factors of q.
2, 29
Suppose 3*t = -5*l + 310, l + 2*l + t - 190 = 0. Suppose -c + l = 4*c. List the prime factors of c.
13
Suppose -3*u + 4*v = -87, -u = 2*u + 5*v - 114. Let s(y) = y**2 + 2*y. Let b be s(-9). Let p = b - u. What are the prime factors of p?
2, 3, 5
Let v(w) = -61*w - 2. Suppose 47*x - 12 = 51*x. List the prime factors of v(x).
181
Let y(x) = x**2 - 3*x + 22. Let u be y(-9). Let f = u + -38. What are the prime factors of f?
2, 23
Suppose 2*m = -3*a + 657, 4*a - 729 = -3*m + 146. List the prime factors of a.
13, 17
Suppose -i = -3*m + 2325, 11*i - 785 = -m + 8*i. List the prime factors of m.
2, 97
Let d(c) = 1 - 5*c + 2*c - 2 + 2*c. Let l(s) = -10*s + 3. Let u(a) = -2*d(a) - l(a). What are the prime factors of u(4)?
47
Let s(z) = -z**3 + 39*z**2 + 101*z + 24. What are the prime factors of s(41)?
11, 73
Suppose 2 = 5*z - 23. Suppose -4*m = -12, s - 12 = -z*m - 0*m. List the prime factors of 3*(s + (-75)/(-9)).
2
Suppose 4*i + 4*n = 4232, -3*i + 0*i - 4*n = -3178. Suppose 0 = -9*s - 226 + i. List the prime factors of s.
2, 23
Let i = -1776 - -6050. List the prime factors of i.
2, 2137
Let t = -28 - -19. Let l be (4 + -1)*42/t. What are the prime factors of (-4)/l - 103/(-7)?
3, 5
Suppose -14*j + 5*c + 2096 = -13*j, 0 = j - 4*c - 2091. What are the prime factors of j?
19, 109
Let s(x) be the third derivative of -x**4/8 - 7*x**3/6 + x**2. Let q be s(-4). Suppose q = 4*g - 59. List the prime factors of g.
2
Let y = -9 + 15. Suppose y*r + 22 = 4*r. Let u = 15 + r. List the prime factors of u.
2
List the prime factors of 23463/11*2/(-18)*-3.
3, 79
What are the prime factors of -6*(5694/4)/(-13)?
3, 73
Suppose h = -2*h. Suppose 2*a - 332 = -4*c - a, h = -2*c - 2*a + 168. List the prime factors of c.
2, 5
Suppose -4*m - 2*b + 13 + 87 = 0, m - 18 = -4*b. What are the prime factors of m?
2, 13
List the prime factors of (8 + -3 - 1)*(-1 - -134).
2, 7, 19
Let a(h) = 10*h - 9. What are the prime factors of a(9)?
3
Let z(f) = f**3 + f**2 - 6*f. Let s be z(2). Suppose s = 12*l - 2*l - 180. What are the prime factors of l?
2, 3
Suppose 7*b + 4*b = 2574. What are the prime factors of b?
2, 3, 13
List the prime factors of (-1)/((-60)/16 + 4) - -603.
599
Let l(b) = -b**3 - 5*b**2 + 17*b - 13. What are the prime factors of l(-11)?
2, 263
Let t = 91 - 154. Let h = -59 - t. What are the prime factors of h?
2
Let d = -130 + -29. Let v = d + 225. What are the prime factors of v/(-4)*(-50)/15?
5, 11
Let m(u) = -538*u - 202. List the prime factors of m(-6).
2, 17, 89
Let t be ((-4)/(-3))/((-8)/(-12)). Suppose 4*m = -0*m + 4*s + 132, 5*s - 125 = -5*m. Suppose 4*i + i - t*w - 17 = 0, -5*i - w = -m. List the prime factors of i.
5
Let o = 880 - 427. What are the prime factors of o?
3, 151
Suppose 5*l - 8007 = -15*h + 17*h, 0 = -4*l - h + 6403. List the prime factors of l.
1601
Let v(j) = -j**3 - 10*j**2 - 14*j - 7. Let g(k) = -k**2 + k + 1. Let h(m) = g(m) - v(m). What are the prime factors of h(-6)?
2, 13
What are the prime factors of -1 - (3 - 1) - (-632 + 122)?
3, 13
Let i(t) = 4*t**3 + 2*t**2 - 3*t + 2. Let x be i(1). Suppose 23 = x*m - 292. What are the prime factors of m?
3, 7
Suppose -5*u - 3 = m, 2*m - 6 = -5*u + 4*m. Suppose 5*p + 2*k + 167 + 216 = u, p + 91 = -4*k. List the prime factors of 2/11 - p/11.
7
What are the prime factors of (-4)/((-58360)/(-9730) - 6)?
2, 7, 139
Let v(d) = -d**3 - 5*d**2 - 3*d + 6. Let x be v(-4). What are the prime factors of x/13 + 12396/234*6?
2, 3, 53
Let c(k) = k**2 - 4*k + 2. Let m be c(5). Let a be ((-2)/4)/(m/1680). What are the prime factors of (-4)/(-2)*a/(-16)?
3, 5
Let t(q) = 2*q + 41*q**3 - 3 - 7*q**2 - 42*q**3 + 2*q**2. List the prime factors of t(-6).
3, 7
Suppose 5 = 4*t - 3. Let i(v) = -12*v**2 - v. Let h be i(t). Let s = h + 108. List the prime factors of s.
2, 29
List the prime factors of (-48)/(-21) + -2 + (-14268)/(-42).
2, 5, 17
Let q = 11 - 7. Suppose 0 = l + 3*s + 10, 0 = l - 3*s + q*s. Suppose -l*d - 4*a = -29, 3*a - 24 = -4*d - a. List the prime factors of d.
5
Let q(t) = -t**2 - t + 16. Let f be q(0). Suppose d + 3*d - 8 = 0. Suppose -d*m + f = -0*m. List the prime factors of m.
2
Let b = -3 - -31. Suppose t = -0*t + 4. Suppose -b = -3*n - 0*j - t*j, 2*n = -5*j + 28. List the prime factors of n.
2
Let k(y) = -2*y. Let c be k(2). Let n be -1*((-42)/(-3) + c). Let b = n + 21. List the prime factors of b.
11
Suppose -15*n + 20*n - 640 = 0. Let x(f) = -f**3 + f + 24. Let p be x(0). Suppose -p = 4*g - n. List the prime factors of g.
2, 13
Suppose 3*z - 2*s = -2*z + 15, 0 = -z - 5*s + 30. Suppose -32 = -3*o - z. Suppose -o*i + 5*i = -124. What are the prime factors of i?
31
Let k(m) = -m**3 - 15*m**2 - 15*m - 5. Let v be k(-14). List the prime factors of (-4)/(12/v)*-4.
2, 3
Suppose 254*v = 251*v + 18. Suppose -v = q - 132. What are the prime factors of q?
2, 3, 7
Suppose 4*y - 2*y - 146 = -j, 0 = 3*j - 5*y - 449. Let k = -82 + j. List the prime factors of k.
2, 3, 11
Suppose 1714 = 12*u - 782. List the prime factors of u.
2, 13
Let d = -61 + 145. Suppose 0 = 83*g - d*g + 104. What are the prime factors of g?
2, 13
Suppose -4*t + 3*t + 13 = 0. Suppose 77 + 7 = 12*h. Let u = h + t. What are the prime factors of u?
2, 5
Let h(a) be the first derivative of a**4/4 + 8*a**3/3 - 9*a**2 - 36*a + 34. List the prime factors of h(-8).
2, 3
List the prime factors of -1*911*(-3)/(-10 - -13).
911
Suppose 0 = -4*n - j - 9, 0 = 5*n - 3*n + 3*j + 17. What are the prime factors of (n + -3)/(-1 - 94/(-98))?
2, 7
Let a(k) = 11*k**2 + 22*k - 11. What are the prime factors of a(-8)?
11, 47
Suppose 0 = -6*w + 678 + 5850. What are the prime factors of w?
2, 17
Let a(f) = 21*f + 255. What are the prime factors of a(-12)?
3
Let u = -18 - -25. Let c(q) = q**2 - 8*q + 9. Let a be c(u). What are the prime factors of 3/a*(-156)/(-9)?
2, 13
Let y be (-3)/(-15) - 72/(-15). Let h(u) = u - 4. Let o be h(8). Suppose 4*r = y*s + 29, o*r + r = -3*s + 27. What are the prime factors of r?
2, 3
Let h(p) = -42*p - 102. List the prime factors of h(-10).
2, 3, 53
Suppose -9*c + 2*c = -2002. Let k = -184 + c. What are the prime factors of k?
2, 3, 17
Suppose -249*y + 248*y = -283. What are the prime factors of y?
283
List the prime factors of 9 - (-1 - -21) - -4361.
2, 3, 5, 29
What are the prime factors of -2 + (-42)/(-22) - 219627/(-253)?
2, 7, 31
Let l(p) = -p**3 - 3*p**2 - 2*p - 3. Let t be l(-3). Suppose 3*o + o = 0. Let r = t + o. What are the prime factors of r?
3
Let i be (-3)/6 + (-3)/(-6). Suppose -4*k = 3*c - 35, k = c - i*k. Suppose c*v - 3*v = 78. List the prime factors of v.
3, 13
List the prime factors of ((-1910)/6)/(8/(48/(-2))).
5, 191
Let d(n) = n**3 - n**2 - n - 2. Let i be d(2). Suppose 3*l - 45 - 33 = i. What are the prime factors of l?
2, 13
Let m(t) = -14*t 